(11). Calculate the greatest common divisor of 24 and z.
24
Let j(f) = 167*f**2 - f - 6. Let q be j(-2). Suppose 0 = 8*i - 4*i - 2*l - q, 3*l + 6 = 0. What is the greatest common divisor of 30 and i?
15
Let w be 12/(-10)*((-24)/(-16) + 1). Let t(o) = -52*o - 72. Let f be t(w). Calculate the greatest common factor of f and 8.
4
Suppose -9*u = -390 - 69. Let q be u/((9 - 5) + -1). What is the greatest common factor of q and 136?
17
Let q = 8777 - 8245. What is the greatest common factor of q and 1624?
28
Suppose 2*a - 7 = -5*q, 0*q + 3 = a + 2*q. Let r = 75 - a. Let d = -19 - -204. Calculate the greatest common divisor of r and d.
37
Suppose -3*j + 53 - 5 = 0. Let m be 25/2*(-2268)/(-405). Suppose -m - 42 = -a. What is the highest common factor of a and j?
16
Suppose 4*w = 8 - 12, 4*v - 5*w = -155. Let q be ((2 - 5) + v/(-15))*-66. What is the highest common divisor of q and 143?
11
Let w(l) = -l**3 - 7*l**2 + 29*l - 5. Let m be w(-10). Suppose -u + 0*u - 4*v + 418 = 0, 3*v - 2039 = -m*u. What is the highest common divisor of u and 28?
14
Let r = 12369 + -1469. What is the greatest common divisor of r and 20?
20
Let c(b) = 146*b**2 + 31*b - 64. Let v be c(2). What is the highest common factor of v and 78?
6
Suppose -2*w - 3 = -9. Suppose 0 = 5*u + 20 - 0, 3*t - 5*u - 92 = 0. What is the greatest common factor of w and t?
3
Suppose 5*o - 17 = -n, -5*n + 24 = -3*o + 23. Suppose -3*g + 201 = -2*g + 2*t, -o*g - 4*t + 605 = 0. What is the highest common factor of 58 and g?
29
Let c = 54 - 30. Suppose -21 = -4*b - 3*z, 93*z - 89*z + 36 = 0. What is the highest common factor of b and c?
12
Let y(j) be the second derivative of j**4/6 - 4*j**3/3 + j**2 - 58*j. Let d be y(7). Calculate the greatest common factor of 121 and d.
11
Let r(g) = 29*g - 26. Let o be r(4). Suppose -161*f - o = -163*f. What is the greatest common factor of f and 405?
45
Let u(y) = 67*y + 791. Let b be u(-9). What is the highest common divisor of 893 and b?
47
Let y(p) = 8*p + 250. Let m be y(-30). Suppose -3*t = t - 28. Let l(h) = 10*h + 10. Let o be l(t). Calculate the highest common divisor of m and o.
10
Let l = 13774 - 6906. What is the highest common divisor of l and 17?
17
Let g = -3290 + 3485. Calculate the highest common divisor of g and 75.
15
Suppose -3*z + 2*r = -5259, -355 - 1402 = -z + 2*r. What is the highest common divisor of z and 17?
17
Let p be 1*(-6)/9*(-15)/2. Suppose -4*k + 4 = 0, 5*k + 128 + 267 = -p*g. Let o = g + 148. Calculate the greatest common factor of o and 17.
17
Suppose 0 = -66*o + 68*o + 34. Let p = 27 + o. Calculate the highest common factor of 4 and p.
2
Let d be 2 + -294 + (-2)/1. Let g(p) = 27*p - 2418. Let c be g(84). Let s = c - d. What is the greatest common divisor of s and 18?
18
Let k = 425 - 362. Let i = -100 - -107. Calculate the highest common factor of i and k.
7
Let d(w) = 34*w**2 + 57*w - 343. Let x be d(8). Calculate the greatest common divisor of x and 7.
7
Let k be -1*(-4)/(-8) - 241/(-2). Suppose -2*y = -5*t + 742, -4*y + 518 - 52 = 3*t. Calculate the greatest common factor of t and k.
30
Suppose -c + 120 = 2*c - 5*q, -5*c + 166 = 3*q. Let b = c + -26. Suppose -z - 3*z - 4*i + 188 = 0, i = 2*z - 88. What is the highest common factor of z and b?
9
Suppose -k + 8 - 4 = 0, 0 = 4*w - k - 220. What is the highest common factor of 1106 and w?
14
Let t be 13 - 10 - (5 + -2). Suppose t = -r + 34 - 44. Let i be (18/3 - 1)/((-5)/r). Calculate the greatest common factor of 80 and i.
10
Suppose 3*a = r - 2*a - 1, -11 = 2*r + 3*a. Let f = r + 43. Let l = -19 - -22. Calculate the greatest common factor of l and f.
3
Let w be 122/(-915) - (-135542)/15. What is the highest common factor of w and 9?
9
Suppose 12*w = 41*w - 110200. Calculate the greatest common divisor of w and 25.
25
Let y = 42 + -27. Let s = -22 + 46. Let d be s + 0 + (-2 - -8). Calculate the highest common divisor of y and d.
15
Let z = -355 + 358. Suppose 0 = -4*k + 5 - 1, 0 = -2*u + z*k + 287. What is the highest common divisor of 10 and u?
5
Suppose -54 + 45 = 3*c. Let r(l) = 21*l**2 - 6*l - 22. Let z be r(c). What is the greatest common factor of z and 20?
5
Let p(d) = -4*d - 1. Let q = 90 - 94. Let c be p(q). Suppose -3*f = -3*y - 120, y + 85 = -0*f + 2*f. Calculate the greatest common factor of f and c.
15
Suppose -3*m = 32 - 152. Suppose 3*b + 18*t - 3244 = 22*t, 5*b - 5397 = -3*t. What is the greatest common divisor of m and b?
40
Let g = -1954 + 2042. Let p(v) = 6*v**3 + 3*v**2 + 4*v - 2. Let u be p(2). What is the highest common factor of g and u?
22
Let f = -29286 - -31376. Calculate the greatest common divisor of 66 and f.
22
Let l(d) = -d**2 + 125*d - 1905. Let h be l(18). Calculate the highest common divisor of h and 153.
3
Suppose 30 = -5*u + 25. Let z be (1 + u - -25) + -5. Calculate the greatest common divisor of 5 and z.
5
Let x be (0/7)/5 - (1*-171)/3. Calculate the greatest common factor of 133 and x.
19
Let m(f) = -4*f + 7. Let v(p) = -p**2 - 3*p + 1. Let w be v(-3). Let z be -3 + (3 - (3 + w)). Let k be m(z). What is the highest common divisor of 161 and k?
23
Let t be 55/15 + 2/(-3). Suppose 60 = -b + t*i + 183, -279 = -2*b - 5*i. Let u be 13*(-6)/8*b/(-11). Calculate the greatest common divisor of u and 13.
13
Suppose 0 = -4*i + 2*x - 4*x - 148, -2*i = -4*x + 54. Let a = 65 + i. Suppose 0 = -a*h + 25*h + 85. What is the greatest common factor of 68 and h?
17
Suppose 19835 = 4*t + 3*j, 19*t - 21*t + 9917 = j. Calculate the greatest common divisor of t and 134.
134
Suppose 43*p - 12*p = 20119. What is the greatest common factor of 472 and p?
59
Let s(c) = 10*c + 6. Suppose 0 = -g - 3*g + 44. Suppose -9*l - 2 = -g. Let b be s(l). What is the highest common divisor of b and 40?
8
Let f = -19318 - -29692. Calculate the greatest common factor of f and 7.
7
Let h(d) = 4986 - 2518 - 2499 - 26*d. Let z be h(-5). What is the greatest common divisor of z and 33?
33
Suppose 6*o - 79 = -61. Suppose -o*l + 180 = -w + 3*w, -325 = -5*l + 5*w. Calculate the highest common factor of 403 and l.
31
Suppose u - 77 = -5*h, -5*h + 3*h = -5*u + 304. Let n(c) = -c**2 + 192*c + 20180. Let t be n(-74). What is the greatest common factor of t and u?
62
Let b = 574 - 91. Let v = b + -456. Let p = -147 + 228. What is the greatest common divisor of p and v?
27
Let p = -13535 + 13927. Calculate the greatest common factor of p and 1127.
49
Suppose -5*v + x = -93 - 735, -3*v - 5*x = -480. Suppose 20 = 170*l - v*l. What is the highest common factor of l and 196?
4
Let c be 82*(29 + (-39 - -22)). Calculate the highest common divisor of 9 and c.
3
Let c = 10510 - 9535. Calculate the greatest common divisor of 520 and c.
65
Let q = -2696 - -3224. What is the highest common factor of q and 594?
66
Suppose 5*s + 4*k = 161 + 119, 4*s - 224 = 3*k. Suppose 4*o = 5*p - 700, 420 = 3*p - 142*o + 141*o. Calculate the highest common factor of p and s.
28
Let s(v) = -v + 22. Suppose 0*q = -3*q - 4*a + 77, q - 27 = -2*a. Let g be s(q). Let n be (-4)/18 + -166*g/18. What is the highest common divisor of 27 and n?
9
Suppose -90*q + 889 - 919 + 1560 = 0. What is the highest common divisor of 10880 and q?
17
Suppose -3*z + k = -75, -13*k = -3*z - 17*k + 90. Calculate the highest common divisor of 2561 and z.
13
Suppose 6*u + 179 = 599. Let r be 4 + (224/21 - (-3)/9). Calculate the highest common divisor of u and r.
5
Suppose -1616*n = -1629*n + 12376. Calculate the greatest common factor of 2618 and n.
238
Suppose -102 = -4*h + 10. Let f(c) = 2*c + 11. Let z be f(-9). Let p = h + z. What is the highest common factor of 105 and p?
21
Let o be (6*(-13)/78)/(1/(-890)). Let u = 959 - o. What is the highest common factor of u and 253?
23
Let c be ((-9)/33 + 13/(9009/(-108)))*-7. What is the highest common divisor of 3945 and c?
3
Suppose 5*r - 62 + 6 = -v, 3*v = r + 184. Suppose a - v = -2*g + 77, -5*g = 2*a - 279. What is the greatest common factor of 220 and a?
44
Let k be 7 - (-5 + -1 + -2). Suppose 7*f = -k*f + 792. What is the highest common divisor of f and 288?
36
Let c be (-38115)/(-44) + 2/(-8) - 70/(-10). What is the highest common factor of 27 and c?
9
Let f(a) = -a**3 + 5*a**2 + 9*a - 4. Suppose 28*p - 20 = 23*p. Let l be f(p). What is the highest common divisor of 168 and l?
24
Let v(h) = h**2